9543 a composite number?
False
Is 70880139179 composite?
True
Is 1255951903 composite?
False
Is 5527683703 a composite number?
False
Is 55501597 a prime number?
True
Is 456880093 a composite number?
True
Is 15848315843 a prime number?
True
Is 10172827877 a prime number?
True
Is 1290067973 composite?
False
Is 7342518203 prime?
True
Is 2140916507 a composite number?
False
Is 2442535045 prime?
False
Is 7675132607 a composite number?
True
Is 5054907974 composite?
True
Is 22933830043 composite?
False
Is 30363843287 prime?
False
Is 5499097997 a prime number?
False
Is 5862261094 a composite number?
True
Is 50233516573 a composite number?
False
Is 294847801 composite?
True
Is 43490982907 a composite number?
True
Is 6761610782 composite?
True
Is 1582299473 a composite number?
False
Is 1298222201 a prime number?
True
Is 1248978697 prime?
False
Is 251560391 prime?
False
Is 214204340039 prime?
False
Is 269509727 composite?
False
Is 33465670181 a prime number?
True
Is 7814369033 prime?
True
Is 750543467 a prime number?
True
Is 251533779823 a prime number?
False
Is 761329021 composite?
True
Is 158365927 composite?
False
Is 943334969 a prime number?
False
Is 219376475539 composite?
True
Is 6051030445 a composite number?
True
Is 1574996749 prime?
True
Is 2555548481 a composite number?
False
Is 2051960627 a prime number?
False
Is 153792455363 prime?
True
Is 102231083 composite?
False
Is 1959199157 prime?
False
Is 8460948347 a composite number?
False
Is 16562489399 prime?
False
Is 25193918077 prime?
False
Is 56572614173 a composite number?
False
Is 89470532171 composite?
True
Is 18570415999 a composite number?
False
Is 58133863837 prime?
False
Is 48518586019 prime?
True
Is 68805903823 composite?
False
Is 1817513363 composite?
False
Is 2163524521 a composite number?
True
Is 139325143 a prime number?
True
Is 328306219 prime?
True
Is 6484744841 prime?
False
Is 22970734879 a prime number?
True
Is 20480654501 prime?
False
Is 356857779 a prime number?
False
Is 1494070541 prime?
True
Is 1178902733 a prime number?
True
Is 1467745141 a composite number?
False
Is 21738772183 a composite number?
False
Is 4654124737 a prime number?
False
Is 18400671257 a composite number?
True
Is 539104471 prime?
False
Is 53249753 composite?
False
Is 1138579081 composite?
False
Is 4039986637 prime?
True
Is 88534712179 a composite number?
False
Is 3452603351 prime?
True
Is 18636016663 prime?
False
Is 37552547671 composite?
False
Is 18834657371 composite?
False
Is 21171258545 prime?
False
Is 2111562059 composite?
False
Is 2982880793 a composite number?
False
Is 961623863 a composite number?
False
Is 1569123427 a composite number?
False
Is 24494242891 a prime number?
True
Is 18898066381 prime?
False
Is 63478985969 a composite number?
True
Is 2669561801 a prime number?
False
Is 31134855659 composite?
True
Is 27381373169 a prime number?
True
Is 2361759373 prime?
True
Is 58571184718 a prime number?
False
Is 12451533469 composite?
True
Is 3114766667 a composite number?
False
Is 18584470066 composite?
True
Is 20574903397 a composite number?
False
Is 1978594489 prime?
True
Is 57009541 prime?
True
Is 2963878487 a prime number?
False
Is 1664594089 a prime number?
True
Is 13677111319 composite?
True
Is 111607443701 composite?
True
Is 6441151193 a prime number?
True
Is 969626267 composite?
False
Is 18025903439 a composite number?
False
Is 429187607 prime?
True
Is 130764913367 prime?
False
Is 10775505467 a prime number?
False
Is 18730974929 a prime number?
True
Is 1364947591 composite?
True
Is 88365358493 prime?
True
Is 12265144799 a composite number?
False
Is 42644193667 prime?
False
Is 741582041 prime?
False
Is 276397399 a composite number?
False
Is 500000417 a prime number?
False
Is 1659622543 composite?
False
Is 10124503273 composite?
True
Is 208390345 prime?
False
Is 1734265751 a prime number?
True
Is 48215226949 composite?
False
Is 23620768967 a composite number?
False
Is 366737881 a prime number?
False
Is 56433682157 prime?
False
Is 2197766887 prime?
False
Is 6118901651 prime?
True
Is 1907532199 a prime number?
False
Is 242639837 a composite number?
True
Is 991360327 prime?
True
Is 1082068657 a prime number?
True
Is 76940200765 a composite number?
True
Is 14226764809 composite?
True
Is 44386832099 composite?
False
Is 34713213853 prime?
False
Is 30104383 a composite number?
True
Is 3920224523 a composite number?
False
Is 14497974107 composite?
False
Is 5550952151 a prime number?
True
Is 194632785589 a composite number?
True
Is 193330649 a composite number?
True
Is 53623713739 prime?
False
Is 1297157761 a prime number?
True
Is 9440472361 a prime number?
True
Is 1407626003 a composite number?
True
Is 281891693 a composite number?
False
Is 214594208473 a composite number?
False
Is 1894533973 a prime number?
True
Is 51244801 composite?
False
Is 21639493159 a composite number?
True
Is 39915768637 a prime number?
True
Is 341736487 prime?
True
Is 18736806841 prime?
True
Is 14808739717 prime?
False
Is 6093493463 a composite number?
False
Is 6012914783 a composite number?
True
Is 25489974101 prime?
True
Is 1074801409 composite?
True
Is 325562197 prime?
True
Is 8047308359 prime?
True
Is 307975007 a composite number?
False
Is 205825121 a composite number?
True
Is 2013380387 composite?
False
Is 28816432249 a prime number?
False
Is 1969305997 a composite number?
False
Is 156037847 a composite number?
True
Is 13641622366 prime?
False
Is 3334384891 prime?
False
Is 1063772677 a prime number?
False
Is 186840993529 prime?
False
Is 3077929061 a composite number?
False
Is 14505858139 prime?
False
Is 45094029329 prime?
False
Is 754512229 composite?
False
Is 150203018807 a composite number?
False
Is 149921911 a composite number?
False
Is 971902445 prime?
False
Is 5461925089 prime?
False
Is 20497294663 prime?
False
Is 67204028867 a prime number?
False
Is 15861704861 a composite number?
True
Is 1878343387 a composite number?
False
Is 62238047 prime?
True
Is 54008077 composite?
False
Is 892104959 prime?
True
Is 3658121561 prime?
True
Is 6216120901 a prime number?
True
Is 34446923557 composite?
True
Is 1932520957 prime?
True
Is 2023501537 a composite number?
False
Is 654763037 a prime number?
True
Is 30847087921 a prime number?
False
Is 1894849367 prime?
False
Is 2479283431 prime?
False
Is 355755013 a composite number?
False
Is 6754368281 prime?
False
Is 1479939007 a composite number?
False
Is 281867219 a composite number?
False
Is 10946995903 a composite number?
False
Is 7180270241 a prime number?
False
Is 939056777 a prime number?
True
Is 816482054 a prime number?
False
Is 6308618087 a composite number?
False
Is 17498580767 a prime number?
True
Is 56251932299 prime?
True
Is 59386712993 a prime number?
True
Is 10050499054 prime?
False
Is 656375131 a composite number?
False
Is 4883244469 a composite number?
False
Is 665947657 composite?
False
Is 11752536469 a prime number?
False
Is 14699487283 a prime number?
False
Is 232907072523 a composite number?
True
Is 30410955809 composite?
True
Is 1043039377 a prime number?
False
Is 24734517653 a composite number?
True
Is 1081443409 prime?
False
Is 626199941 composite?
True
Is 296552509 a composite number?
True
Is 878625409 composite?
True
Is 9558387737 composite?
False
Is 8283509251 a composite number?
True
Is 1643725141 prime?
True
Is 1163886901 a composite number?
False
Is 18671991341 composite?
False
Is 970684789 composite?
False
Is 3675225457 composite?
False
Is 133814409283 composite?
False
Is 7077365677 a prime number?
True
Is 8085687167 a prime number?
True
Is 5753369861 a prime number?
False
Is 9107280463 prime?
True
Is 361819663 prime?
True
Is 593907464603 a composite number?
False
Is 616118107 composite?
True
Is 72030027583 prime?
True
Is 5414597806 a composite number?
True
Is 38309304799 prime?
True
Is 4885926917 a prime number?
True
Is 8721736391 composite?
False
Is 363128783 a prime number?
True
Is 9954550069 a prime number?
True
Is 556466159 prime?
False
Is 413851379 prime?
True
Is 6681579101 a prime number?
True
Is 34528435538 a composite number?
True
Is 1761240958 composite?
True
Is 228331435 a prime number?
False
Is 354696073 a prime number?
False
Is 1779573667 a composite number?
True
Is 868619083 a composite number?
False
Is 410575017409 a prime number?
Fal